{"id":3,"date":"2010-06-04T11:57:45","date_gmt":"2010-06-04T09:57:45","guid":{"rendered":"http:\/\/www.npsconsulting-avocats.fr\/NPS\/?page_id=3"},"modified":"2026-01-02T13:23:56","modified_gmt":"2026-01-02T11:23:56","slug":"presentation-nps-consulting","status":"publish","type":"page","link":"https:\/\/www.npsconsulting-avocats.fr\/NPS\/presentation-nps-consulting\/","title":{"rendered":"DOMAINES D&rsquo;INTERVENTION"},"content":{"rendered":"\r\n<p>&nbsp;<\/p>\r\n<h1>Domaines d&rsquo;intervention<\/h1>\r\n<p><img loading=\"lazy\" decoding=\"async\" title=\"businessman hand pushing a business graph on a touch screen inte\" src=\"https:\/\/www.npsconsulting-avocats.fr\/NPS\/wp-content\/uploads\/2010\/06\/Fotolia_73951856_M-2-e1458225586159.jpg\" alt=\"businessman hand pushing a business graph on a touch screen interface\" width=\"1997\" height=\"474\" \/><\/p>\r\n<h2><strong>NPS <em>CONSULTING <\/em>AVOCATS<em> : \u00ab\u00a0LE CONSEIL AU SERVICES DE VOS VALEURS\u00a0\u00bb <\/em><\/strong><\/h2>\r\n<hr \/>\r\n<ul>\r\n<li>\r\n<h3><strong>Interventions g\u00e9n\u00e9rales<\/strong><\/h3>\r\n<\/li>\r\n<\/ul>\r\n<p>&#8211; Droit des affaires<\/p>\r\n<p>&#8211; Droit fiscal<\/p>\r\n<p>&#8211; Droit des contrats<\/p>\r\n<p>&#8211; Contentieux civil\/p\u00e9nal et recouvrement judiciaire<\/p>\r\n<p>&#8211; Proc\u00e9dures collectives et redressement judiciaire<\/p>\r\n<p><strong>Voir nos modalit\u00e9s d&rsquo;intervention<\/strong>\u00a0: <a href=\"https:\/\/www.npsconsulting-avocats.fr\/NPS\/modalites-dintervention-nps-consulting\/\">cliquez ici<\/a><\/p>\r\n<hr \/>\r\n<ul>\r\n<li>\r\n<h3><strong>Interventions sp\u00e9cialis\u00e9es<\/strong><\/h3>\r\n<\/li>\r\n<\/ul>\r\n<p>&#8211; <strong>Organismes sans but lucratif (OSBL)<\/strong> : F\u00e9d\u00e9ration, association, syndicat, fondation, fonds de dotation, GIE, GCSMS&#8230;<\/p>\r\n<p>&#8211; <strong>\u00c9conomie sociale et solidaire (ESS)<\/strong> : Soci\u00e9t\u00e9 agr\u00e9\u00e9e ESUS, mutuelle, coop\u00e9rative, coop\u00e9rative, SCIC&#8230;<\/p>\r\n<p><strong>&#8211; \u00c9v\u00e9nementiel<\/strong> : Assistance juridique et fiscale dans le cadre de l&rsquo;organisation et la gestion de manifestations sportives, culturelles, artistiques<\/p>\r\n<p><strong>&#8211; Communication d&rsquo;entreprise :<\/strong> M\u00e9c\u00e9nat et sponsoring, responsabilit\u00e9 soci\u00e9tale de l&rsquo;entreprise (RSE)<\/p>\r\n<p><strong>&#8211; Sport\u00a0<\/strong>: Assistance juridique et fiscale des clubs et institutions sportives (f\u00e9d\u00e9ration, CROS, Ligue et club sportif&#8230;)<\/p>\r\n<p>Ses comp\u00e9tences s&rsquo;\u00e9tendent \u00e0 tous les secteurs d&rsquo;activit\u00e9 : sport, culture, humanitaire, social et m\u00e9dico-social, tourisme, environnement, comptabilit\u00e9 &amp; gestion, commerce \u00e9quitable&#8230;<\/p>\r\n<p><strong>NPS\u00a0<em>CONSULTING<\/em> AVOCATS <\/strong>est pr\u00e9sent aux c\u00f4t\u00e9s de nombreux acteurs de l&rsquo;ESS : \u00c9tat, collectivit\u00e9s territoriales, banques, entreprises, assurances, mutuelles, m\u00e9c\u00e8nes et sponsors.<\/p>\r\n<p>Il \u00a0dispose de r\u00e9f\u00e9rences nationales en mati\u00e8re de restructuration d&rsquo;OSBL (fusion acquisition, apport partiel d&rsquo;actif, scission, mutualisation de moyens).<\/p>\r\n<p><strong>Voir notre offre abonnement OSBL &#8211; ESS 2026<\/strong>\u00a0: <a href=\"https:\/\/www.npsconsulting-avocats.fr\/NPS\/abonnement-nps-consulting-avocats-2023\/\">cliquez ici<\/a><\/p>\r\n<hr \/>\r\n<ul>\r\n<li>\r\n<h3><strong>Interventions sp\u00e9cifiques<\/strong><\/h3>\r\n<\/li>\r\n<\/ul>\r\n<p><strong>&#8211; D\u00e9fense des int\u00e9r\u00eats <\/strong><strong>de personnalit\u00e9s publiques<\/strong> : Assistance juridique et administrative globale de personnalit\u00e9s publiques &#8211; conseils en gestion de carri\u00e8res<\/p>\r\n<p><strong>Voir notre offre abonnement PERSONNALITES PUBLIQUES 2026<\/strong>\u00a0: <a href=\"https:\/\/www.npsconsulting-avocats.fr\/NPS\/abonnement-nps-consulting-avocats-mandataire-de-personnalites-publiques-2023\/\">cliquez ici<\/a><\/p>\r\n<hr \/>\r\n<p>Pour t\u00e9l\u00e9charger la plaquette de pr\u00e9sentation\u00a0<strong>NPS\u00a0<em>CONSULTING <\/em>AVOCATS<\/strong>\u00a0 : <a href=\"https:\/\/www.npsconsulting-avocats.fr\/NPS\/wp-content\/uploads\/2021\/01\/Plaquette-NPS-pour-mail.pdf\">Plaquette-NPS-pour-mail<\/a><\/p>\r\n<p>&nbsp;<\/p>\r\n","protected":false},"excerpt":{"rendered":"<p>&nbsp; Domaines d&rsquo;intervention NPS CONSULTING AVOCATS : \u00ab\u00a0LE CONSEIL AU SERVICES DE VOS VALEURS\u00a0\u00bb Interventions g\u00e9n\u00e9rales &#8211; Droit des affaires &#8211; Droit fiscal &#8211; Droit des contrats &#8211; Contentieux civil\/p\u00e9nal et recouvrement judiciaire &#8211; Proc\u00e9dures collectives et redressement judiciaire Voir nos modalit\u00e9s d&rsquo;intervention\u00a0: cliquez ici Interventions sp\u00e9cialis\u00e9es &#8211; Organismes sans but lucratif (OSBL) : F\u00e9d\u00e9ration, [&hellip;]<\/p>\n","protected":false},"author":2,"featured_media":1818,"parent":0,"menu_order":0,"comment_status":"closed","ping_status":"closed","template":"","meta":{"site-sidebar-layout":"default","site-content-layout":"default","ast-site-content-layout":"default","site-content-style":"default","site-sidebar-style":"default","ast-global-header-display":"","ast-banner-title-visibility":"","ast-main-header-display":"","ast-hfb-above-header-display":"","ast-hfb-below-header-display":"","ast-hfb-mobile-header-display":"","site-post-title":"disabled","ast-breadcrumbs-content":"","ast-featured-img":"disabled","footer-sml-layout":"","ast-disable-related-posts":"","theme-transparent-header-meta":"default","adv-header-id-meta":"","stick-header-meta":"default","header-above-stick-meta":"","header-main-stick-meta":"","header-below-stick-meta":"","astra-migrate-meta-layouts":"set","ast-page-background-enabled":"default","ast-page-background-meta":{"desktop":{"background-color":"var(--ast-global-color-4)","background-image":"","background-repeat":"repeat","background-position":"center center","background-size":"auto","background-attachment":"scroll","background-type":"","background-media":"","overlay-type":"","overlay-color":"","overlay-opacity":"","overlay-gradient":""},"tablet":{"background-color":"","background-image":"","background-repeat":"repeat","background-position":"center center","background-size":"auto","background-attachment":"scroll","background-type":"","background-media":"","overlay-type":"","overlay-color":"","overlay-opacity":"","overlay-gradient":""},"mobile":{"background-color":"","background-image":"","background-repeat":"repeat","background-position":"center center","background-size":"auto","background-attachment":"scroll","background-type":"","background-media":"","overlay-type":"","overlay-color":"","overlay-opacity":"","overlay-gradient":""}},"ast-content-background-meta":{"desktop":{"background-color":"var(--ast-global-color-5)","background-image":"","background-repeat":"repeat","background-position":"center center","background-size":"auto","background-attachment":"scroll","background-type":"","background-media":"","overlay-type":"","overlay-color":"","overlay-opacity":"","overlay-gradient":""},"tablet":{"background-color":"var(--ast-global-color-5)","background-image":"","background-repeat":"repeat","background-position":"center center","background-size":"auto","background-attachment":"scroll","background-type":"","background-media":"","overlay-type":"","overlay-color":"","overlay-opacity":"","overlay-gradient":""},"mobile":{"background-color":"var(--ast-global-color-5)","background-image":"","background-repeat":"repeat","background-position":"center center","background-size":"auto","background-attachment":"scroll","background-type":"","background-media":"","overlay-type":"","overlay-color":"","overlay-opacity":"","overlay-gradient":""}},"footnotes":""},"class_list":["post-3","page","type-page","status-publish","has-post-thumbnail","hentry"],"_links":{"self":[{"href":"https:\/\/www.npsconsulting-avocats.fr\/NPS\/wp-json\/wp\/v2\/pages\/3","targetHints":{"allow":["GET"]}}],"collection":[{"href":"https:\/\/www.npsconsulting-avocats.fr\/NPS\/wp-json\/wp\/v2\/pages"}],"about":[{"href":"https:\/\/www.npsconsulting-avocats.fr\/NPS\/wp-json\/wp\/v2\/types\/page"}],"author":[{"embeddable":true,"href":"https:\/\/www.npsconsulting-avocats.fr\/NPS\/wp-json\/wp\/v2\/users\/2"}],"replies":[{"embeddable":true,"href":"https:\/\/www.npsconsulting-avocats.fr\/NPS\/wp-json\/wp\/v2\/comments?post=3"}],"version-history":[{"count":12,"href":"https:\/\/www.npsconsulting-avocats.fr\/NPS\/wp-json\/wp\/v2\/pages\/3\/revisions"}],"predecessor-version":[{"id":3646,"href":"https:\/\/www.npsconsulting-avocats.fr\/NPS\/wp-json\/wp\/v2\/pages\/3\/revisions\/3646"}],"wp:featuredmedia":[{"embeddable":true,"href":"https:\/\/www.npsconsulting-avocats.fr\/NPS\/wp-json\/wp\/v2\/media\/1818"}],"wp:attachment":[{"href":"https:\/\/www.npsconsulting-avocats.fr\/NPS\/wp-json\/wp\/v2\/media?parent=3"}],"curies":[{"name":"wp","href":"https:\/\/api.w.org\/{rel}","templated":true}]}}